. What is the highest common factor of y and p?
13
Let b = -36 + 51. Let o(q) = -b*q + 4*q + 27*q. Let x be o(3). Calculate the greatest common divisor of x and 72.
24
Suppose 31*z - 424 = -22*z. What is the highest common divisor of z and 128?
8
Suppose 0 = -2*l + 393 - 119. Suppose 7*m - l = 108. Calculate the greatest common divisor of m and 5.
5
Let b(l) = -5*l - 2. Let g be b(-7). Let x = -64 - -53. Let t be (x/2)/(2*(-1)/4). Calculate the greatest common divisor of g and t.
11
Suppose -5*u = -21 + 1. Suppose 5*f = -4*d + 489, 0 = -2*f + u - 2. What is the greatest common divisor of 11 and d?
11
Let s(b) be the second derivative of 2*b**3 - 15*b**2/2 - 12*b. Let n be s(11). What is the greatest common factor of 13 and n?
13
Let i be -5*1/(4/(-20)). Let d(m) = -11*m + 9. Let g be d(-6). What is the highest common divisor of i and g?
25
Let n be (11/1)/((-1)/(-7)). Let x be -1 + 3/(-9)*3. Let q be 12 + -2 + x + 3. Calculate the greatest common divisor of q and n.
11
Let k be ((-18)/(-4) - 5)*-16. What is the greatest common divisor of 116 and k?
4
Let j = 827 - 801. Calculate the greatest common divisor of 273 and j.
13
Suppose 5*z - 87 = -2*n + 18, -3 = -z. Suppose -5*a + 12 = -13. Suppose -23 = -2*y + a*u, 5*y + 5*u - 19 = 21. Calculate the highest common factor of y and n.
9
Let j = -113 - -155. What is the greatest common divisor of j and 651?
21
Let w be ((-6)/1)/((-60)/1062)*5. What is the highest common factor of w and 9?
9
Let t = 95 - 55. Let w be 9/(45/2)*50*18. Calculate the greatest common divisor of w and t.
40
Suppose 0 = -j + 4 - 2. Let r(k) = -8 - k**j + 5*k + 0*k - 9*k - 7*k. Let c be r(-6). What is the highest common divisor of 110 and c?
22
Suppose -6*q + 5 = -5*q. Suppose -j + 4*h + 107 = 0, -j + h - 343 = -q*j. Let u = -55 - -113. Calculate the highest common factor of j and u.
29
Suppose 3*w + 3*z - 4597 = w, -4*z + 2306 = w. What is the highest common factor of 62 and w?
62
Let j be (-343)/(-42) + (-1)/6. Suppose 15*y - j = 13*y. Suppose y*b - 56 = 2*b. Calculate the greatest common divisor of 42 and b.
14
Let x be (3 - 2 - 5) + 356. Calculate the highest common factor of x and 32.
32
Let y be 21*45/(-9)*1/(-3). Suppose 535 = 3*t - 2*g, g - 6*g - 725 = -4*t. What is the greatest common divisor of y and t?
35
Let s(n) = n**3 - 2*n + 3. Let g be s(2). Let z(y) = -4*y + 39. Let f be z(g). What is the greatest common factor of 88 and f?
11
Let k be ((-32)/6 + 4/4)*-3. Let n(r) = r**3 - 15*r**2 + 27*r + 19. Let a be n(k). What is the greatest common factor of 48 and a?
16
Let g be 15*1 - 14/(-7). Suppose 0 = -18*j + g*j - 66. Let k = j - -116. Calculate the highest common factor of k and 20.
10
Suppose 368*j = 376*j - 400. Calculate the highest common divisor of j and 2050.
50
Let c be 118 - -3*(-3)/(-9). Suppose -5*i + c = -2*s + 41, -s + 66 = 5*i. What is the greatest common factor of i and 4?
2
Suppose 8*t + 891 = 19*t. Suppose 0*f = -f + 9. Calculate the greatest common factor of t and f.
9
Let g(v) = 7*v**2 - 20*v - 5. Let z be g(4). Calculate the highest common divisor of 72 and z.
9
Suppose s = -5*k - 7, 2 - 5 = s + 4*k. Let g be (-1 - -1) + 143 + 0. What is the greatest common divisor of g and s?
13
Suppose -4*k + 6*k + 67 = 5*t, -4*t + 2*k + 54 = 0. Suppose t = -5*b + 98. What is the greatest common factor of 289 and b?
17
Suppose 2*i - 99 = -0*r + 3*r, 5*r - 253 = -4*i. Suppose 2*z = -t + 3*z + i, t - 66 = -2*z. What is the highest common factor of 45 and t?
15
Let d be (623 - -1)*(12 - 11). Calculate the greatest common factor of 96 and d.
48
Suppose 0 = -22*w + 423 + 369. Let l = -27 - -146. Suppose -5*y - l = -389. Calculate the greatest common factor of w and y.
18
Let u(c) = c + 8. Let t be u(7). Suppose -26*p - 18 = -252. What is the highest common divisor of p and t?
3
Let y = -196 + 248. What is the greatest common divisor of 130 and y?
26
Let s be (-9 - 0)*2*-1. Let b(u) = u. Let l(m) = 3*m + 1. Let p(g) = -14*b(g) + 4*l(g). Let y be p(-4). What is the greatest common divisor of s and y?
6
Suppose 0 = -2*x + 5*l - 11 + 35, 0 = -4*x - 4*l + 20. Suppose n + k = -3*n + 27, 13 = 2*n + k. Calculate the greatest common factor of x and n.
7
Let n(d) = d**2 - 5*d + 2. Let j be n(5). Let l be 1/j + (-4)/8. Let b = 5 + l. Calculate the highest common divisor of 45 and b.
5
Let h(r) = -r**3 + 5*r**2 + 7*r - 7. Let g be h(6). Let q be 3 - (g - -1) - 2. Let p = 4 - q. What is the highest common factor of 27 and p?
3
Let k = -2043 + 2079. Calculate the highest common factor of k and 414.
18
Let y(i) = 3*i + 6. Let l be y(-10). Let w = l + 26. Let a be 5/w*392/10. What is the greatest common factor of a and 14?
14
Let t be 12/(-28) + (-64)/14. Let g(f) = -8*f - 36. Let d be g(t). Calculate the highest common factor of d and 1.
1
Suppose 2*t = -3*h + 184, 2*h + t - 95 = 27. What is the greatest common factor of 300 and h?
60
Let o = 22 - 1. What is the greatest common divisor of o and 84?
21
Suppose -3*m + 123 = -246. Let h = m + -117. Suppose 0 = -2*z + 3*a + 18, 0*z + 3*a + 21 = 3*z. Calculate the greatest common divisor of z and h.
3
Suppose 14*h = 9*h - 3*w + 189, 3*h + 3*w - 111 = 0. Calculate the highest common factor of 507 and h.
39
Let q(h) = 41*h + 423. Let g be q(-7). What is the highest common factor of g and 72?
8
Suppose -355 = -4*c - 55. What is the greatest common divisor of c and 105?
15
Let x be ((-2)/(-4))/((-1)/(-432)). Calculate the greatest common divisor of 8 and x.
8
Suppose -3*y + 42 + 36 = 0. Suppose -3*z = -y - 1. Calculate the highest common divisor of z and 27.
9
Suppose -1287 = -3*w + 3*g, 2*w - 1116 = -3*g - 268. Calculate the highest common factor of w and 7.
7
Suppose 5*c + 65 = 4*g, g = -c + 2 + 3. Calculate the highest common divisor of 30 and g.
10
Let w(r) be the first derivative of -15*r**2/2 + 4. Let a be w(-6). Suppose -2*i + a = i. Calculate the greatest common factor of i and 10.
10
Let d = -23 + 35. Let x(p) = -4*p**2 + 5*p - 4 + 2*p**3 + 0*p**3 - 2*p**2. Let v be x(4). Calculate the greatest common divisor of d and v.
12
Suppose -5*x + 0*x - 25 = 0. Let z = x - -5. Suppose z = -4*o + 42 + 2. What is the highest common factor of 99 and o?
11
Suppose 0*x - 12 = -3*x. Suppose -3*p + 4 = v - 2*v, x*p - 10 = -v. Let c be (-121)/p*(5 - 7). Calculate the highest common divisor of c and 11.
11
Suppose -414*v + 200 = -406*v. What is the greatest common factor of 275 and v?
25
Let w = 3 - -22. Let s be 6/21*1715/98. Calculate the greatest common factor of w and s.
5
Suppose -s = s. Let d = -22 - -28. Suppose -w + 2*q + 18 = s, 0 = w - 3*q - 10 - d. What is the highest common factor of 11 and w?
11
Let t = -41 - -24. Let k = t - -185. Calculate the highest common factor of 24 and k.
24
Suppose -124*r = -118*r - 4470. Calculate the highest common factor of r and 10.
5
Suppose 0 = 2*l - 11 + 121. Let r be -3 - (l + -4 + 2). Suppose -r = -4*f + 2. Calculate the greatest common factor of 35 and f.
7
Suppose -36 = -52*i + 48*i. What is the highest common factor of i and 162?
9
Let d(y) = 6*y + 47. Let i be d(-7). Suppose 18 = -i*b + 4*a + 124, -b - a = -14. Calculate the highest common divisor of b and 162.
18
Suppose -3*o = -y - 206, y + 161 = 5*o - 185. Let w = o + -50. Calculate the highest common factor of w and 100.
20
Let f be ((-1275)/(-5))/(-5)*6/(-6). Calculate the greatest common divisor of f and 3.
3
Let j(h) = h**2 + 5*h - 39. Let l be j(-18). Calculate the highest common factor of l and 39.
39
Let d = -186 + 103. Let n = 188 + d. Calculate the highest common factor of 42 and n.
21
Let f = 43 - 25. Let j(q) = q**3 - 17*q**2 - 12*q - 18. Let w be j(f). What is the highest common divisor of 225 and w?
45
Let i = -472 - -587. What is the greatest common divisor of i and 46?
23
Let d(i) = 9*i**2 + 21*i + 43. Let o be d(-3). Calculate the greatest common divisor of o and 61.
61
Suppose 0 = 2*x + 4*z - 30, 0 = -2*x + 5*z - 3*z. Suppose x*n - 17 = 3. Let g be (-4)/((-16)/n) + 4. Calculate the highest common divisor of g and 5.
5
Let c be 2/(-4)*(-8 + -12). Calculate the greatest common factor of 40 and c.
10
Suppose -5*i - 10 = 0, -2 = -3*r - 3*i + 7. Suppose -2*u + 2*m = -16, -4*u + 2 = r*m - 3. Calculate the greatest common factor of 40 and u.
5
Suppose 49*x - 55*x + 30 = 0. Calcu